{"id":545,"date":"2023-05-07T15:34:25","date_gmt":"2023-05-07T13:34:25","guid":{"rendered":"https:\/\/beevanlife.com\/?page_id=545"},"modified":"2024-11-18T09:18:35","modified_gmt":"2024-11-18T08:18:35","slug":"kempovanie-suveniry-darcekove-predmety","status":"publish","type":"page","link":"https:\/\/beevanlife.com\/","title":{"rendered":"Vitajte v na\u0161om obchod\u00edku \ud83d\ude42"},"content":{"rendered":"<!-- wp:themify-builder\/canvas \/-->","protected":false},"excerpt":{"rendered":"","protected":false},"author":1,"featured_media":0,"parent":0,"menu_order":0,"comment_status":"closed","ping_status":"closed","template":"","meta":{"_monsterinsights_skip_tracking":false,"_monsterinsights_sitenote_active":false,"_monsterinsights_sitenote_note":"","_monsterinsights_sitenote_category":0,"footnotes":""},"class_list":["post-545","page","type-page","status-publish","hentry","has-post-title","has-post-date","has-post-category","has-post-tag","has-post-comment","has-post-author",""],"aioseo_notices":[],"jetpack-related-posts":[],"jetpack_sharing_enabled":true,"builder_content":"<h2 style=\"text-align: center;\"><strong>\u00a0<\/strong><\/h2> <p style=\"text-align: center;\"><strong>Ahojte :)<\/strong><\/p> <p>\u00a0<\/p>\n<img src=\"http:\/\/beevanlife.com\/wp-content\/uploads\/2022\/07\/img_0723-scaled.jpg\" width=\"2560\" height=\"625\" title=\"Vitajte v na\u0161om obchod\u00edku \ud83d\ude42\" alt=\"Vitajte v na\u0161om obchod\u00edku \ud83d\ude42\">\n<h2 style=\"text-align: center;\">\u00a0<\/h2> <p style=\"text-align: center;\">N\u00e1jdete tu r\u00f4zne veci\u010dky, vyroben\u00e9 na t\u00e9mu vanlife, kempovanie, cestovanie\u2026<br \/>Ale aj nie\u010do z na\u0161ej \u201ctatranskej\u201d suven\u00edrovej ponuky s t\u00e9mou turistika a Vysok\u00e9 Tatry.<br \/>V\u0161etky veci\u010dky s\u00fa vyr\u00e1ban\u00e9 s l\u00e1skou a \u00fasmevom \ud83d\ude42 bu\u010f priamo nami alebo \u0161ikovn\u00fdmi \u013eu\u010fmi na Slovensku.<br \/>Te\u0161\u00edme sa na v\u00e1\u0161 n\u00e1kup a \u010eakujeme \ud83d\ude42<\/p>\n<h3 style=\"text-align: center;\">Kateg\u00f3rie<\/h3>","_links":{"self":[{"href":"https:\/\/beevanlife.com\/index.php?rest_route=\/wp\/v2\/pages\/545","targetHints":{"allow":["GET"]}}],"collection":[{"href":"https:\/\/beevanlife.com\/index.php?rest_route=\/wp\/v2\/pages"}],"about":[{"href":"https:\/\/beevanlife.com\/index.php?rest_route=\/wp\/v2\/types\/page"}],"author":[{"embeddable":true,"href":"https:\/\/beevanlife.com\/index.php?rest_route=\/wp\/v2\/users\/1"}],"replies":[{"embeddable":true,"href":"https:\/\/beevanlife.com\/index.php?rest_route=%2Fwp%2Fv2%2Fcomments&post=545"}],"version-history":[{"count":6,"href":"https:\/\/beevanlife.com\/index.php?rest_route=\/wp\/v2\/pages\/545\/revisions"}],"predecessor-version":[{"id":808,"href":"https:\/\/beevanlife.com\/index.php?rest_route=\/wp\/v2\/pages\/545\/revisions\/808"}],"wp:attachment":[{"href":"https:\/\/beevanlife.com\/index.php?rest_route=%2Fwp%2Fv2%2Fmedia&parent=545"}],"curies":[{"name":"wp","href":"https:\/\/api.w.org\/{rel}","templated":true}]}}