{"id":687,"date":"2023-06-05T08:56:01","date_gmt":"2023-06-05T06:56:01","guid":{"rendered":"https:\/\/beevanlife.com\/?post_type=product&#038;p=687"},"modified":"2026-02-23T17:27:07","modified_gmt":"2026-02-23T16:27:07","slug":"nahrdelnik-a-naramok-paracord-s-plesnivcom-ruzovy","status":"publish","type":"product","link":"https:\/\/beevanlife.com\/?product=nahrdelnik-a-naramok-paracord-s-plesnivcom-ruzovy","title":{"rendered":"N\u00e1hrdeln\u00edk a n\u00e1ramok paracord s plesnivcom Ru\u017eov\u00fd"},"content":{"rendered":"<p>N\u00e1hrdeln\u00edk a n\u00e1ramok paracord s plesnivcom Ru\u017eov\u00fd.<\/p>\n<p>Ve\u013ekos\u0165 je nastavite\u013en\u00e1.<\/p>\n","protected":false},"excerpt":{"rendered":"<p>N\u00e1hrdeln\u00edk a n\u00e1ramok paracord s plesnivcom Ru\u017eov\u00fd. Ve\u013ekos\u0165 je nastavite\u013en\u00e1.<\/p>\n","protected":false},"featured_media":679,"comment_status":"open","ping_status":"closed","template":"","meta":{"_monsterinsights_skip_tracking":false,"_monsterinsights_sitenote_active":false,"_monsterinsights_sitenote_note":"","_monsterinsights_sitenote_category":0},"product_brand":[],"product_cat":[33,26],"product_tag":[68,65,27,64,67],"class_list":{"0":"post-687","1":"product","2":"type-product","3":"status-publish","4":"has-post-thumbnail","6":"product_cat-nahrdelniky","7":"product_cat-naramky","8":"product_tag-kov-kovove","9":"product_tag-nahrdelnik","10":"product_tag-naramok","11":"product_tag-paracord","12":"product_tag-vanlife-hippiebus-bus-camping-camp","13":"product_shipping_class-do-100g","14":"has-post-title","15":"has-post-date","16":"has-post-category","17":"has-post-tag","18":"has-post-comment","19":"has-post-author","20":"","22":"first","23":"instock","24":"shipping-taxable","25":"purchasable","26":"product-type-simple"},"aioseo_notices":[],"jetpack-related-posts":[],"jetpack_sharing_enabled":true,"builder_content":"","_links":{"self":[{"href":"https:\/\/beevanlife.com\/index.php?rest_route=\/wp\/v2\/product\/687","targetHints":{"allow":["GET"]}}],"collection":[{"href":"https:\/\/beevanlife.com\/index.php?rest_route=\/wp\/v2\/product"}],"about":[{"href":"https:\/\/beevanlife.com\/index.php?rest_route=\/wp\/v2\/types\/product"}],"replies":[{"embeddable":true,"href":"https:\/\/beevanlife.com\/index.php?rest_route=%2Fwp%2Fv2%2Fcomments&post=687"}],"version-history":[{"count":2,"href":"https:\/\/beevanlife.com\/index.php?rest_route=\/wp\/v2\/product\/687\/revisions"}],"predecessor-version":[{"id":689,"href":"https:\/\/beevanlife.com\/index.php?rest_route=\/wp\/v2\/product\/687\/revisions\/689"}],"wp:featuredmedia":[{"embeddable":true,"href":"https:\/\/beevanlife.com\/index.php?rest_route=\/wp\/v2\/media\/679"}],"wp:attachment":[{"href":"https:\/\/beevanlife.com\/index.php?rest_route=%2Fwp%2Fv2%2Fmedia&parent=687"}],"wp:term":[{"taxonomy":"product_brand","embeddable":true,"href":"https:\/\/beevanlife.com\/index.php?rest_route=%2Fwp%2Fv2%2Fproduct_brand&post=687"},{"taxonomy":"product_cat","embeddable":true,"href":"https:\/\/beevanlife.com\/index.php?rest_route=%2Fwp%2Fv2%2Fproduct_cat&post=687"},{"taxonomy":"product_tag","embeddable":true,"href":"https:\/\/beevanlife.com\/index.php?rest_route=%2Fwp%2Fv2%2Fproduct_tag&post=687"}],"curies":[{"name":"wp","href":"https:\/\/api.w.org\/{rel}","templated":true}]}}