{"id":705,"date":"2023-06-05T13:00:27","date_gmt":"2023-06-05T11:00:27","guid":{"rendered":"https:\/\/beevanlife.com\/?post_type=product&#038;p=705"},"modified":"2023-06-05T13:03:04","modified_gmt":"2023-06-05T11:03:04","slug":"nahrdelnik-adventure-is-out-there","status":"publish","type":"product","link":"https:\/\/beevanlife.com\/?product=nahrdelnik-adventure-is-out-there","title":{"rendered":"N\u00e1hrdeln\u00edk &#8211; Adventure is out there"},"content":{"rendered":"<p>N\u00e1hrdeln\u00edk &#8211; Adventure is out there. N\u00e1hrdeln\u00edk je na hrubej bavlnenej \u0161n\u00farke, nastavite\u013en\u00e1 ve\u013ekos\u0165. Pr\u00edvesok je kovov\u00fd, grav\u00edrovan\u00fd.<\/p>\n","protected":false},"excerpt":{"rendered":"<p>N\u00e1hrdeln\u00edk &#8211; Adventure is out there. N\u00e1hrdeln\u00edk je na hrubej bavlnenej \u0161n\u00farke, nastavite\u013en\u00e1 ve\u013ekos\u0165. Pr\u00edvesok je kovov\u00fd, grav\u00edrovan\u00fd.<\/p>\n","protected":false},"featured_media":673,"comment_status":"open","ping_status":"closed","template":"","meta":{"_monsterinsights_skip_tracking":false,"_monsterinsights_sitenote_active":false,"_monsterinsights_sitenote_note":"","_monsterinsights_sitenote_category":0},"product_brand":[],"product_cat":[33],"product_tag":[68,65,28,67],"class_list":{"0":"post-705","1":"product","2":"type-product","3":"status-publish","4":"has-post-thumbnail","6":"product_cat-nahrdelniky","7":"product_tag-kov-kovove","8":"product_tag-nahrdelnik","9":"product_tag-privesok","10":"product_tag-vanlife-hippiebus-bus-camping-camp","11":"product_shipping_class-do-100g","12":"has-post-title","13":"has-post-date","14":"has-post-category","15":"has-post-tag","16":"has-post-comment","17":"has-post-author","18":"","20":"first","21":"instock","22":"shipping-taxable","23":"purchasable","24":"product-type-simple"},"aioseo_notices":[],"jetpack-related-posts":[],"jetpack_sharing_enabled":true,"builder_content":"","_links":{"self":[{"href":"https:\/\/beevanlife.com\/index.php?rest_route=\/wp\/v2\/product\/705","targetHints":{"allow":["GET"]}}],"collection":[{"href":"https:\/\/beevanlife.com\/index.php?rest_route=\/wp\/v2\/product"}],"about":[{"href":"https:\/\/beevanlife.com\/index.php?rest_route=\/wp\/v2\/types\/product"}],"replies":[{"embeddable":true,"href":"https:\/\/beevanlife.com\/index.php?rest_route=%2Fwp%2Fv2%2Fcomments&post=705"}],"version-history":[{"count":1,"href":"https:\/\/beevanlife.com\/index.php?rest_route=\/wp\/v2\/product\/705\/revisions"}],"predecessor-version":[{"id":706,"href":"https:\/\/beevanlife.com\/index.php?rest_route=\/wp\/v2\/product\/705\/revisions\/706"}],"wp:featuredmedia":[{"embeddable":true,"href":"https:\/\/beevanlife.com\/index.php?rest_route=\/wp\/v2\/media\/673"}],"wp:attachment":[{"href":"https:\/\/beevanlife.com\/index.php?rest_route=%2Fwp%2Fv2%2Fmedia&parent=705"}],"wp:term":[{"taxonomy":"product_brand","embeddable":true,"href":"https:\/\/beevanlife.com\/index.php?rest_route=%2Fwp%2Fv2%2Fproduct_brand&post=705"},{"taxonomy":"product_cat","embeddable":true,"href":"https:\/\/beevanlife.com\/index.php?rest_route=%2Fwp%2Fv2%2Fproduct_cat&post=705"},{"taxonomy":"product_tag","embeddable":true,"href":"https:\/\/beevanlife.com\/index.php?rest_route=%2Fwp%2Fv2%2Fproduct_tag&post=705"}],"curies":[{"name":"wp","href":"https:\/\/api.w.org\/{rel}","templated":true}]}}